rue
Suppose 67*u - 382870 - 156861 = -88352. Is u a composite number?
False
Let j(q) = 2*q**3 + 38*q**2 + 66*q + 101. Is j(31) composite?
True
Suppose -13*t + 25 = -18*t. Let g be 22/5 + 2/t. Suppose 2604 = g*q - 8912. Is q prime?
True
Is (-8 + (-124)/(-16))*-211516 prime?
True
Let y(t) = -40*t**2 + 11*t - 1. Let q be y(1). Is 4672 + 6/4*q/9 composite?
True
Let o be 9/5*10/3. Let m be 4*25/30 - (-4)/o. Suppose 3*x - 3157 = -m*x. Is x composite?
True
Let g(d) = -5*d**3 - 12*d**2 - 6*d - 12. Let i be (-47 + 3)*(-1)/(-4). Is g(i) composite?
True
Suppose 11*k - 322150 + 60680 = 0. Suppose 3*x - 35643 = -2*m, -6*m + k = 2*x - 2*m. Is x composite?
True
Is 1773135/21 - -6*(-3)/9 a prime number?
False
Suppose 45*b = -6*k + 40*b + 923906, -461933 = -3*k - 5*b. Is k a prime number?
True
Let p be -1 - -2*15/(-10). Is (-3989)/(-5) + (48/(-10) - p) a prime number?
True
Is 127038 + (-124 + 12)/16 a prime number?
True
Let q = 38 + -38. Suppose -3*u + 679 = -4*h, q*u + 4*u = 3*h + 903. Is (-5)/(-20) - u/(-12) a prime number?
True
Let k(x) = -3 + 6 - 2 + 39*x + 4*x. Let m be k(-4). Let j = m - -506. Is j a composite number?
True
Suppose 2*y = 5*y + 39. Let w(r) = 12*r**2 + 24. Let h be w(y). Suppose -5*g + o + 2577 = -o, -4*g + h = -4*o. Is g prime?
False
Let q(p) = 633*p - 2. Let m be q(-4). Let b = 5222 + m. Suppose 4*s - 1651 = -5*l, -4*s - 987 = -5*l - b. Is s prime?
True
Let w(q) be the first derivative of 2*q**3 + 31*q**2/2 + 20*q - 19. Let a(l) be the first derivative of w(l). Is a(20) prime?
True
Let f be 3/(-1) + 1 - -6. Suppose -225 = -11*u + 1414. Suppose 0 = -f*a - 49 + u. Is a a prime number?
False
Let h = 69 - 81. Is 2*(h/6 + (-1931)/(-2)) a prime number?
False
Suppose -4*l + 211 + 5 = 0. Let c = 47 - l. Is c/49 - (-4440)/14 composite?
False
Let l(z) = 38*z - 9. Suppose 0 = 6*h - 12*h + 30. Let b be l(h). Suppose -b = -3*n + 254. Is n composite?
True
Let g(w) = 293*w**3 + w**2 - 4*w + 7. Let h(p) = -p**2 + 2*p - 1. Let k(y) = 2*y**2 - 22*y. Let u(a) = -3*h(a) - k(a). Let b be u(-16). Is g(b) prime?
False
Let j = 362 + -184. Let o = j + -29. Is o a composite number?
False
Let p(g) = g**3 + 169*g**2 - 46*g + 271. Is p(-137) composite?
False
Let f = 676 - -11521. Let s = f - 6656. Is s prime?
False
Suppose -5 = -4*g + 3*z, 0*g + 2*g + 15 = 5*z. Let h be 2 + 0 + 14675/g. Let v = h + -842. Is v a composite number?
True
Suppose 78*z = 92*z + 448. Is (-15)/(-40) - (1144276/z + 4) composite?
True
Suppose 167*i + 105124 = 171*i - 2*j, -3*j = -3*i + 78843. Is i a composite number?
True
Is ((-135340)/25 - (-2 - 3))/((-3)/75) composite?
True
Suppose 3*p = 5*u - 58, -2*u = 3*p - 2*p - 32. Is u/35 + 8415/25 a prime number?
True
Let z(g) = 118*g**2 + 8*g + 6. Let l be z(-6). Suppose 22*b + 21025 = 5*h + 26*b, h - l = -b. Is h a composite number?
False
Suppose 3*g + 13 = 2*g + 4*v, 2*v = 6. Is -1*g*(-7886)/(-2) composite?
False
Suppose -2*w - 5*f + 0*f + 2027 = 0, 3*w - 5*f - 3078 = 0. Let m = w - 1580. Let r = m - -1002. Is r a prime number?
True
Suppose -99*k = 2135275 - 84284386. Is k a composite number?
False
Let t(j) = 20*j**2 - 3*j - 13. Let a(i) = i**3 + 3*i - 2*i - 1 - 10 + 1 - 6*i**2. Let z be a(6). Is t(z) prime?
False
Suppose 52 = 7*z + 19*z. Is 4 + (14101 - (-4)/z) a prime number?
True
Suppose 533914 = 4*v + 5*u, -3*u = -2*v - 5*u + 266958. Is v prime?
True
Let c = 1226254 + -185507. Is c a prime number?
True
Suppose -43 = 8*z - 11. Is (-29169)/(-6) - 2/z*-1 composite?
False
Suppose 17236 - 77741 = -15*j + 16190. Is j a prime number?
True
Let w = -105 - -433. Suppose -d = -2*d - w. Let a = d + 593. Is a a prime number?
False
Let w(u) = -3*u - 8. Let v be w(-2). Let h be (15/(-30))/(1/v). Is h + 858*10/15 composite?
True
Let r = -48 - -46. Let j be r*(-1)/(-2) + (-1 - -2). Let p(y) = -y**3 + 2*y**2 + y + 439. Is p(j) prime?
True
Suppose 9 + 31 = 10*y. Suppose -5*m - y*o = -25027 + 4038, 8406 = 2*m - o. Is m a composite number?
False
Let u be 1 + (-25)/20 - (-2205)/(-12). Let f = u + 2223. Is f a prime number?
True
Suppose -45645 - 104442 = -7*n. Suppose 15*c - 12*c - 4*p = n, -21447 = -3*c + 2*p. Is c prime?
True
Suppose -410644 = 12*y - 2848432. Is y a prime number?
False
Let k(u) = 2*u**3 - 10*u**2 + 3*u + 357859. Is k(0) prime?
True
Is (-875835423)/(-1403) - 20/610 prime?
True
Let z = 2481 - 478. Let d = z + -787. Suppose -6*u + d = -398. Is u a prime number?
True
Suppose 2*l + 402947 = 2*g - 59015, -l = 5*g - 1154917. Is g a composite number?
True
Suppose -4*a - 21 + 261 = 0. Suppose -6*z - a = -12*z. Is z*((-14)/(-4) + 0) prime?
False
Suppose -3*u + 5*m + 25 = 0, 5*m = 4*u - 16 - 24. Let r(n) = n**3 - 15*n**2 + n + 31. Let l be r(u). Let c = 655 + l. Is c a composite number?
False
Suppose -22*z - 5*z = -5*b + 1998907, -2*b + 799610 = z. Is b prime?
False
Let g = 18914 - 108361. Is (-36)/270 - g/15 a composite number?
True
Suppose -794843 - 9228149 = -112*l. Is l a prime number?
True
Suppose -35*d - 1197 = -497. Let u(k) = 2347*k**3 + 2*k - 1. Let n be u(1). Is (-3 + -2)/d*n a prime number?
True
Let h(w) = 5*w**3 - 10*w**2 - 19*w + 74. Let g be h(15). Let x = -7467 + g. Is x a composite number?
False
Suppose 1270458 = 26*h - 24*h + 5*a, -6*h + a = -3811502. Is h a composite number?
False
Is (-2 - -2)*(4 - 42/10) - -97873 prime?
False
Suppose 4*c - j - 71773 = 0, 59*j - 55*j + 71776 = 4*c. Let y = -10232 + c. Is y composite?
True
Let p = -21386 + 219893. Is p prime?
False
Suppose w + 131973 + 397523 = 5*t, -3*w = t - 105896. Is t composite?
False
Let w(k) = -k**3 + 42*k**2 + 89*k + 12. Let v be w(44). Suppose -5*x - 31 = -v, 0 = -l + 3*x + 56354. Is l composite?
False
Let j(p) = 10*p**3 + 4*p**2 - 10*p + 11. Let r be j(5). Suppose -3*h + 4*z = -1329, r = 2*h + h + 2*z. Is h composite?
False
Let s(p) = -p**3 + 8*p**2 + 9*p + 11. Let j = 5 + 4. Let m be s(j). Let x(q) = 7*q**3 - 12*q**2 + 2*q + 14. Is x(m) a prime number?
True
Let x(i) = i - 1. Let f be x(-6). Let r(b) = -9 + 6 - 6 - 9 - 169*b. Is r(f) a composite number?
True
Suppose -4*t + 0*t - 4 = 0, i - 2*t - 11897 = 0. Is 8/12*i/10 prime?
False
Suppose 14*k - 16 = 11*k - b, 0 = -2*k + 2*b + 24. Suppose 0 = k*z + 352 - 961. Is z a composite number?
True
Suppose 4*g - 2371 = 3*l, 3*g - 85 = 3*l + 1697. Is (-4)/(-4)*(-2 + g) composite?
False
Let f be (-4 - 54/(-15))*-5. Suppose -10 = 2*c, -m + f*c = 3*m - 10. Suppose m*y + 4077 = 3*l - 3*y, 4*l = -4*y + 5452. Is l composite?
False
Suppose -5*u = -5*w, -5*w = -w - 12. Suppose 6*g - 7*g - 1184 = -h, -u*h = 3*g + 3564. Is g/(-8) - (7 + (-186)/24) a composite number?
False
Suppose 13*v = -6*v + 93309. Let c = v - 3149. Is c composite?
True
Let b = -307 + -358. Let t(c) = 1528*c**2 + c + 1. Let x be t(1). Let r = b + x. Is r composite?
True
Let z be 3 - ((-15)/(-5) - 9). Suppose -4*w = -w + 5*g + 33, 0 = 3*w - 3*g + z. Is w/4 - -1 - 76741/(-38) composite?
True
Suppose 296*b + 63640232 - 117757984 = 114491840. Is b prime?
False
Let a be (-4)/(-3) - -25*(-210)/(-45). Let f = a - -4581. Is f prime?
False
Let r be -5 + 4 + 1 + 2 - -1. Suppose 5*z = -5*f - 640, z - 447 = r*f - 55. Let a = f - -477. Is a a composite number?
False
Is 30/45*((-14585483)/(-22) + (-4 - -2)) a composite number?
True
Let t(m) = 3993 + 5*m - 2209 + 5609. Is t(0) composite?
False
Let i(b) = -67*b + 9. Let q(o) = 133*o - 17. Let t(s) = -5*i(s) - 2*q(s). Let u be ((-56)/(-91))/((-10)/(-130)). Is t(u) a prime number?
True
Let l(q) = 2*q**2 - 3*q - 10. Suppose 6*r - 11*r + 20 = 0. Let f be l(r). Suppose f*m = 14*m - 8204. Is m prime?
False
Let j(o) = -37060*o - 2109. Is j(-6) composite?
True
Let j(m) = 3199*m + 23. Let u be ((-56)/224)/((-1)/8). Is j(u) prime?
True
Let a(h) be the first derivative of 95*h**2 + 27*h + 13. Let n(u) = -u**2 + 11*u - 17. Let w be n(8). Is a(w) a prime number?
False
Let g = -107 - -110. Is 341075/140 + g/4 a prime number?
True
Let t(q) = 11094*q + 977. Is t(7) a composite number?
True
Let c = -553 - -558. Suppose -c*m + 36744 = -4*u - 15199, m = -3*u + 10400. Is m composite?
False
Let a(i) = -30*i + 11. Let d(v) = 2*v. Let r be d(2). Suppose 2*z = -3*g - 24, 2*z = r*z - 6. Is a(g) a prime number?
True
Let p = 54 + -51. Suppose d - 14 = 3*u + 294, 880 = p*d + 2*u. Suppose -i - 2696 = -3*y, -y + 600 + d = i. Is y composite?
True
Suppose 39*t - 26818534 = 